110210000210021
In base 14, what is -b1425b + c?
-b1424d
In base 12, what is -2325 + 43b3a?
41815
In base 7, what is 2266101 + -24?
2266044
In base 16, what is 1701fe5 - -3?
1701fe8
In base 16, what is -24ff - -53b7?
2eb8
In base 9, what is -51341 + -8?
-51350
In base 5, what is -3200214 + 23222?
-3121442
In base 10, what is -464813 - -44?
-464769
In base 2, what is -1 - -101011101010110111000101111?
101011101010110111000101110
In base 8, what is -5 + -2023564?
-2023571
In base 5, what is 1412 + -3033112?
-3031200
In base 16, what is 1bb4 + 61ef?
7da3
In base 7, what is -20251412 + -1335?
-20253050
In base 6, what is 1324 + 2251324?
2253052
In base 9, what is 1081363 + -8?
1081354
In base 10, what is 726881 - 66?
726815
In base 5, what is -402 - 2444112023?
-2444112430
In base 3, what is 1111012 - -222212?
2111001
In base 6, what is -12041 - -232050?
220005
In base 7, what is 140614 - -43?
140660
In base 11, what is -1283738 - -39?
-12836aa
In base 6, what is -1 - 30341535241?
-30341535242
In base 9, what is -444610 - 114?
-444724
In base 13, what is 3 + 3908c56?
3908c59
In base 2, what is 101 + 1110000000011110101011110?
1110000000011110101100011
In base 2, what is -100 + 101001010010001000011?
101001010010000111111
In base 9, what is -13 - -860413?
860400
In base 10, what is -342 - 57358?
-57700
In base 6, what is -20 - 441531232?
-441531252
In base 10, what is 129698752 - 5?
129698747
In base 16, what is 44dd11 + c?
44dd1d
In base 4, what is -1133332311 - 11022?
-1200003333
In base 6, what is 3341141305 + -5?
3341141300
In base 7, what is 4 - 5052301266?
-5052301262
In base 9, what is -27773 - -6644?
-21128
In base 8, what is -30655435 - -6?
-30655427
In base 11, what is -14 + -53aa2?
-54006
In base 11, what is 1aa22 + 578?
2049a
In base 7, what is 141646223 + 0?
141646223
In base 3, what is 12 - 2201122212022022?
-2201122212022010
In base 5, what is 331412020044 - 3?
331412020041
In base 15, what is -3a43 - 58?
-3a9b
In base 5, what is -3 + 1112143221?
1112143213
In base 2, what is 1 + 111001000111010101110101?
111001000111010101110110
In base 8, what is 1 + 4601165?
4601166
In base 14, what is 284049b0 - -2?
284049b2
In base 3, what is -1202220000100 - -2202?
-1202212220121
In base 13, what is -24768 + 5b1?
-24187
In base 10, what is 1604 + 3047?
4651
In base 5, what is 12043134 - -22211?
12120400
In base 6, what is 222220 + -35001?
143215
In base 12, what is 6ab748a - 0?
6ab748a
In base 15, what is -9d1b - 124?
-9e40
In base 3, what is 122 - -10202020?
10202212
In base 10, what is -680428 + -41?
-680469
In base 5, what is 2212 + -40340?
-33123
In base 16, what is bfb82b3 - 4?
bfb82af
In base 11, what is -2a7 + 634096?
63389a
In base 3, what is 120211000102212 - 110?
120211000102102
In base 8, what is 1024 - 201460?
-200434
In base 8, what is 11167210 + -323?
11166665
In base 12, what is -3251 + -9a3a?
-1108b
In base 6, what is -10233034 - 0?
-10233034
In base 13, what is -198ba + 358?
-19562
In base 14, what is -1 - 71a898?
-71a899
In base 12, what is -5780b1 - -36?
-578077
In base 6, what is 500323 + 5141?
505504
In base 12, what is -2 + 82b3293?
82b3291
In base 8, what is 447 - -304337?
305006
In base 2, what is -11110010001110000 + 10000010110?
-11110000001011010
In base 15, what is 55b + 455b?
4ab7
In base 3, what is -22021 - 222122021?
-222221112
In base 7, what is -25 - -5525132?
5525104
In base 6, what is -1045014532 - 21?
-1045014553
In base 8, what is -457653 + -103?
-457756
In base 6, what is 1240420043 - -10?
1240420053
In base 3, what is 1001020122110 + 1?
1001020122111
In base 13, what is 198097a + -2?
1980978
In base 7, what is -2234 + -4242466?
-4245033
In base 6, what is 1104543 + -1113?
1103430
In base 16, what is 20 + -e2e270?
-e2e250
In base 14, what is 43c - -869b5?
87013
In base 4, what is 10 + 101203331121?
101203331131
In base 11, what is 748 - 196a?
-1222
In base 9, what is -17848252 - -2?
-17848250
In base 4, what is -12 - 11333?
-12011
In base 14, what is -82 - 456b7c?
-456c20
In base 8, what is 22113 - -2577?
24712
In base 7, what is -1211 + 1456?
245
In base 2, what is 10000110010011101001101 + -10010?
10000110010011100111011
In base 10, what is 33699 - 189?
33510
In base 7, what is 15 - -24624604?
24624622
In base 6, what is 550 + -1515355?
-1514405
In base 6, what is -103223520 - -15?
-103223501
In base 4, what is -301 + 3010130?
3003223
In base 4, what is -11002332003311 + -11?
-11002332003322
In base 14, what is -69 + 8dc80?
8dc15
In base 9, what is -47 - -10564787?
10564740
In base 8, what is 6260 + 7512?
15772
In base 4, what is 22203322 + 30211?
22300133
In base 3, what is 121010 - -100100000?
100221010
In base 14, what is -176cc - -224?
-174a8
In base 5, what is -102403110332 - 4?
-102403110341
In base 15, what is -3 + -90348a?
-90348d
In base 10, what is -114814 - -33?
-114781
In base 8, what is -460 + -35175?
-35655
In base 14, what is -d9996 + -22?
-d99b8
In base 2, what is -100101 + -101111010010011101100000?
-101111010010011110000101
In base 9, what is -422784 + 42?
-422742
In base 15, what is 13 - -3d8488?
3d849b
In base 8, what is 12 - -54541?
54553
In base 10, what is -6774226 + 4?
-6774222
In base 13, what is 88706 - 29?
886aa
In base 15, what is 1738 + 90a?
2143
In base 7, what is 1625524403 - 12?
1625524361
In base 15, what is -1aaa2853 + -5?
-1aaa2858
In base 5, what is -4 - -14211212320?
14211212311
In base 15, what is 2e - 4beec?
-4bebd
In base 14, what is 461 - 204?
25b
In base 5, what is -11431124 - -222102?
-11204022
In base 6, what is 4 - -525234250?
525234254
In base 13, what is -66033 - -15?
-6601b
In base 11, what is -4 - -21a255?
21a251
In base 4, what is -1313221 + -301311?
-2221132
In base 14, what is -14d5d9 + -29?
-14d624
In base 5, what is 2342414121 - 24?
2342414042
In base 11, what is 3190a9 - 40?
319069
In base 14, what is 17bad8 + 7c?
17bb76
In base 16, what is -11759406 - 3?
-11759409
In base 15, what is -1bc1c4 - 17?
-1bc1db
In base 15, what is 58951c + 0?
58951c
In base 14, what is 856 + 45401?
45c57
In base 8, what is 2 + -145431715?
-145431713
In base 10, what is -4861 - 75042?
-79903
In base 14, what is -c2dd34 - -2?
-c2dd32
In base 3, what is -1021102112 - -122221?
-1020202121
In base 6, what is 11340054023 - 0?
11340054023
In base 12, what is -280b + 584?
-2247
In base 4, what is -21320 - 10020030233?
-10020112213
In base 5, what is 4 - 20140313220?
-20140313211
In base 2, what is 10000011001111011001 + -11010001?
10000011001100001000
In base 12, what is -364238 + -103?
-36433b
In base 15, what is 1b92aa7 - -4?
1b92aab
In base 5, what is -1043320141424 + 2?
-1043320141422
In base 11, what is 26 + 87750a?
877535
In base 5, what is 214131 + -232321?
-13140
In base 3, what is -1211 - -12010022100?
12010020112
In base 11, what is -658 - a2648?
-a31a5
In base 2, what is -11000101101111110 + -110011001?
-11000110100010111
In base 3, what is -111201110011111 - 1001?
-111201110012112
In base 16, what is -1efe2 - bd?
-1f09f
In base 3, what is -110110112 - 200201?
-111011020
In base 6, what is 0 - -422551513?
422551513
In base 6, what is -21220 + 4523122?
4501502
In base 13, what is 3a560866 + 5?
3a56086b
In base 8, what is 43316607 + 14?
43316623
In base 11, what is 860 + 5094?
5944
In base 6, what is -54315135 + 11?
-54315124
In base 10, what is -11538 - 2406?
-13944
In base 2, what is 100 + 100101101111100111010111?
100101101111100111011011
In base 10, what is -3707883 + -5?
-3707888
In base 8, what is 5246714 - 20?
5246674
In base 9, what is -6 - 32606647?
-32606654
In base 16, what is 48523b6 - 0?
48523b6
In base 6, what is -1023512212 + 13?
-1023512155
In base 15, what is ee3 + d7c6?
e7b9
In base 13, what is -29c9 - 5c0?
-32b9
In base 7, what is -2332213212 + 5?
-2332213204
In base 9, what is -1483800 + -584?
-1484484
In base 10, what is -11 - -402385?
402374
In base 12, what is -1789b25 + 2?
-1789b23
In base 2, what is 1 - 11011110000111111011?
-11011110000111111010
In base 7, what is 11002 + 11245?
22250
In base 13, what is -9b - -9227?
9159
In base 13, what is 3 + 95a9567?
95a956a
In base 7, what is 605 + 212625?
213533
In base 15, what is 55b6 - 11?
55a5
In base 3, what is 1000001121221 - 210211?
1000000211010
In base 6, what is -143432100 - -21?
-143432035
I